t is -203 (base 4) in base 16?
-23
-6 (base 11) to base 4
-12
What is -3 (base 4) in base 13?
-3
Convert 0 (base 16) to base 3.
0
What is -16 (base 12) in base 3?
-200
What is 31 (base 4) in base 5?
23
What is -14 (base 11) in base 8?
-17
Convert -20 (base 3) to base 10.
-6
What is -3 (base 7) in base 6?
-3
What is 2 (base 14) in base 6?
2
What is -5 (base 6) in base 3?
-12
What is 221 (base 12) in base 11?
265
-1322 (base 4) to base 7
-233
Convert -44 (base 6) to base 3.
-1001
42 (base 12) to base 6
122
What is 258 (base 9) in base 3?
21222
What is 222 (base 10) in base 5?
1342
What is -4 (base 11) in base 9?
-4
What is -1122 (base 3) in base 11?
-40
Convert 0 (base 14) to base 3.
0
-6 (base 12) to base 10
-6
46 (base 15) to base 14
4a
214 (base 7) to base 13
85
What is -37 (base 8) in base 16?
-1f
-11000101 (base 2) to base 12
-145
Convert 4 (base 14) to base 9.
4
-15 (base 9) to base 4
-32
Convert 1001 (base 3) to base 4.
130
Convert 14 (base 14) to base 7.
24
17 (base 9) to base 3
121
Convert -1034 (base 5) to base 11.
-121
0 (base 3) to base 9
0
Convert -4 (base 9) to base 6.
-4
-221 (base 3) to base 15
-1a
What is -100111 (base 2) in base 4?
-213
-3 (base 6) to base 10
-3
1a (base 15) to base 8
31
What is 34 (base 8) in base 6?
44
-2 (base 15) to base 12
-2
What is 163 (base 10) in base 6?
431
What is 1 (base 9) in base 13?
1
What is -1221 (base 5) in base 6?
-510
What is -1 (base 4) in base 11?
-1
What is 3 (base 12) in base 10?
3
What is -71 (base 9) in base 12?
-54
Convert -3f (base 16) to base 6.
-143
-86 (base 10) to base 12
-72
-6 (base 12) to base 10
-6
31 (base 14) to base 2
101011
What is -17 (base 10) in base 6?
-25
What is 1 (base 6) in base 10?
1
Convert -11 (base 13) to base 5.
-24
124 (base 6) to base 14
3a
Convert 11 (base 4) to base 7.
5
175 (base 8) to base 10
125
Convert 97 (base 14) to base 3.
11221
What is -12 (base 7) in base 6?
-13
-3 (base 4) to base 6
-3
Convert 176 (base 10) to base 15.
bb
What is -11 (base 6) in base 16?
-7
What is 27 (base 12) in base 11?
29
Convert -33 (base 6) to base 14.
-17
-4 (base 13) to base 11
-4
Convert 10 (base 7) to base 12.
7
What is -1 (base 10) in base 13?
-1
What is -78 (base 11) in base 2?
-1010101
What is 29 (base 13) in base 3?
1022
What is 11 (base 6) in base 16?
7
-110 (base 3) to base 15
-c
Convert -4 (base 10) to base 7.
-4
Convert -2 (base 6) to base 3.
-2
Convert 0 (base 13) to base 3.
0
1010100 (base 2) to base 10
84
Convert 8 (base 16) to base 15.
8
What is -2e (base 15) in base 5?
-134
8 (base 12) to base 5
13
What is -110211 (base 3) in base 8?
-532
What is 1 (base 15) in base 3?
1
-25 (base 15) to base 10
-35
Convert -23 (base 12) to base 2.
-11011
-1 (base 15) to base 3
-1
-a (base 11) to base 10
-10
Convert -2 (base 16) to base 5.
-2
4 (base 14) to base 16
4
What is 37 (base 13) in base 5?
141
What is 39 (base 13) in base 8?
60
6a (base 12) to base 3
10001
What is d (base 14) in base 10?
13
5 (base 14) to base 11
5
130 (base 4) to base 11
26
60 (base 7) to base 11
39
Convert 3 (base 8) to base 10.
3
What is -3 (base 11) in base 14?
-3
Convert 0 (base 7) to base 11.
0
What is -137 (base 11) in base 16?
-a1
Convert 1104 (base 6) to base 7.
514
Convert 1 (base 15) to base 5.
1
174 (base 12) to base 15
107
c (base 14) to base 5
22
Convert 11120 (base 3) to base 11.
102
What is 12 (base 6) in base 3?
22
What is 32 (base 15) in base 16?
2f
1 (base 13) to base 15
1
Convert -c (base 15) to base 7.
-15
13 (base 7) to base 3
101
What is -331 (base 5) in base 13?
-70
3 (base 15) to base 13
3
Convert 6 (base 10) to base 7.
6
Convert 100022 (base 3) to base 13.
164
Convert -3 (base 6) to base 14.
-3
9 (base 12) to base 10
9
What is 7 (base 9) in base 6?
11
What is -12 (base 3) in base 11?
-5
-4 (base 12) to base 14
-4
Convert -55 (base 7) to base 12.
-34
-244 (base 7) to base 4
-2002
10 (base 5) to base 13
5
What is -253 (base 6) in base 12?
-89
What is 3 (base 9) in base 14?
3
123 (base 4) to base 15
1c
5 (base 10) to base 6
5
What is -1120 (base 3) in base 4?
-222
Convert -234 (base 5) to base 11.
-63
Convert -15 (base 15) to base 7.
-26
Convert 23 (base 5) to base 2.
1101
23 (base 4) to base 12
b
What is -3 (base 13) in base 14?
-3
What is 2 (base 16) in base 8?
2
-18 (base 10) to base 3
-200
-104 (base 8) to base 7
-125
-2 (base 9) to base 10
-2
What is 23 (base 7) in base 11?
16
What is 0 (base 16) in base 3?
0
What is 1 (base 8) in base 2?
1
Convert -4 (base 8) to base 14.
-4
-15 (base 6) to base 7
-14
What is -1010 (base 2) in base 10?
-10
4 (base 16) to base 10
4
10000111 (base 2) to base 15
90
67 (base 9) to base 13
49
What is -33 (base 9) in base 12?
-26
-16 (base 7) to base 16
-d
Convert -4 (base 16) to base 11.
-4
132 (base 6) to base 14
40
-8 (base 12) to base 9
-8
What is -220 (base 4) in base 14?
-2c
Convert -2 (base 5) to base 4.
-2
16 (base 14) to base 4
110
What is 10101 (base 2) in base 13?
18
What is -3 (base 4) in base 6?
-3
What is -147 (base 9) in base 8?
-174
Convert 4c (base 13) to base 10.
64
0 (base 5) to base 9
0
110 (base 4) to base 10
20
What is 0 (base 11) in base 14?
0
32 (base 8) to base 12
22
What is -1 (base 14) in base 4?
-1
Convert 6 (base 11) to base 16.
6
-7 (base 16) to base 10
-7
-6d (base 15) to base 16
-67
What is -3a (base 11) in base 9?
-47
What is 14 (base 6) in base 13?
a
What is 0 (base 7) in base 2?
0
-10 (base 15) to base 13
-12
Convert 0 (base 13) to base 12.
0
Convert 11 (base 9) to base 3.
101
Convert -2 (base 6) to base 5.
-2
What is 205 (base 6) in base 7?
140
2122 (base 3) to base 5
241
Convert 5 (base 10) to base 3.
12
What is -26 (base 10) in base 12?
-22
100111 (base 2) to base 9
43
Convert -1 (base 8) to base 10.
-1
What is -5 (base 12) in base 16?
-5
What is 415 (base 6) in base 12?
10b
-4 (base 5) to base 4
-10
Convert -1 (base 13) to base 3.
-1
Convert 167 (base 12) to base 5.
1343
What is c (base 15) in base 6?
20
Convert 86 (base 11) to base 4.
1132
Convert 11 (base 5) to base 14.
6
What is 1020 (base 3) in base 5?
113
Convert b (base 14) to base 7.
14
What is 2 (base 15) in base 11?
2
-24 (base 5) to base 16
-e
Convert -66 (base 15) to base 12.
-80
Convert -67 (base 10) to base 5.
-232
-4 (base 14) to base 16
-4
-33 (base 13) to base 10
-42
Convert 5 (base 13) to base 3.
12
Convert -40 (base 7) to base 11.
-26
What is -12a (base 13) in base 3?
-21121
What is 6 (base 12) in base 9?
6
-10 (base 2) to base 7
-2
Convert 22 (base 4) to base 10.
10
Convert -87 (base 10) to base 2.
-1010111
101111 (base 2) to base 7
65
What is 37 (base 15) in base 2?
110100
10 (base 15) to base 9
16
Convert -4 (base 5) to base 2.
-100
170 (base 8) to base 4
1320
Convert -b (base 14) to base 9.
-12
-4 (base 11) to base 8
-4
4 (base 12) to base 15
4
Convert -2 (base 5) to base 14.
-2
Convert -5 (base 9) to base 3.
-12
-1 (base 9) to base 11
-1
-1101 (base 2) to base 15
-d
What is -20 (base 3) in base 4?
-12
11 (base 5) to base 8
6
Convert bc (base 16) to base 7.
356
What is 221 (base 3) in base 11?
23
Convert -26 (base 10) to base 3.
-222
Convert 11 (base 9) to base 4.
22
Convert -13 (base 4) to base 3.
-21
Convert 75 (base 8) to base 3.
2021
What is 98 (base 15) in base 4?
2033
What is 106 (base 11) in base 14?
91
Convert 301 (base 8) to base 9.
234
-13 (base 8) to base 4
-23
Convert -6 (base 11) to base 4.
-12
What is -4 (base 11) in base 9?
-4
Convert 3013 (base 4) to base 13.
124
Convert -32 (base 7) to base 13.
-1a
Convert 4 (base 6) to base 4.
10
What is -2 (base 4) in base 15?
-2
2 (base 8) to base 2
10
What is -15 (base 9) in base 14?
-10
4 (base 14) to base 7
4
4 (base 6) to base 14
4
What is -3 (base 11) in base 4?
-3
What is b (base 12) in base 15?
b
Convert -10 (base 15) to base 7.
-21
Convert -3 (base 8) to base 10.
-3
Convert 57 (base 10) to base 13.
45
Convert -1111 (base 4) to base 12.
-71
Convert -111 (base 2) to base 11.
-7
b5 (base 13) to base 9
174
2 (base 8) to base 3
2
c8 (base 14) to base 13
107
-3 (base 16) to base 8
-3
What is 110001 (base 2) in base 5?
144
-2 (base 15) to base 4
-2
What is 345 (base 6) in base 13?
a7
What is 1 (base 15) in base 14?
1
-13 (base 6) to base 8
-11
What is -211 (base 11) in base 4?
-3332
8b (base 12) to base 3
10222
Convert -22 (base 8) to base 7.
-24
Convert -3 (base 5) to base